ppose -61125 = -3*x + 47549 - 33770. What are the prime factors of x?
2, 3121
Let n(t) = 14*t**2 + t - 2. Suppose -2*k = 6, -5*k = 3*m + 21 + 12. What are the prime factors of n(m)?
2, 31
Let i be ((-231)/14)/11*-254. Suppose i = -5*p - 3*a + 3429, 2*p = 5*a + 1244. List the prime factors of p.
2, 3, 17
Let p = 655 - 33. Let v = -218 + p. List the prime factors of v.
2, 101
Suppose 5*o = o + n - 2, 2*o + 5*n - 10 = 0. Suppose 16*s - 15*s - 4 = 0. Suppose s*l + 291 - 791 = o. List the prime factors of l.
5
Let x = 6040 + 1829. List the prime factors of x.
3, 43, 61
Let z(c) = 427*c + 920. List the prime factors of z(11).
41, 137
Let c be -9*4/12 + 695. Let y = c - 406. What are the prime factors of y?
2, 11, 13
Let p be (-440)/(-50)*55/4. Suppose p*r - 9366 = 115*r. What are the prime factors of r?
7, 223
Suppose -2*k + 400 = -4*y + k, 0 = -5*y + 2*k - 507. Let c = y + 325. Let p = -131 + c. List the prime factors of p.
7, 13
Suppose -60*m + 2671 = -569. List the prime factors of (-2)/(-9) + (352830/m)/5.
1307
Let b(c) = c**2 - c. Let k(o) = -o**2 - 32*o + 14. Let d(r) = -3*b(r) - k(r). Let i be (76/(-20) + 3)*2*-10. List the prime factors of d(i).
2, 17
Suppose 13 = 3*i + w, 10*w - 5*w = 5. Let s(a) = -9*a + 24. Let c be s(i). Let g = 32 + c. What are the prime factors of g?
2, 5
Let c(z) = -11*z + 0*z - 16 - 4 + 6 - z**2. Let q be c(-10). Let n(g) = -4*g**3 - 4*g**2 - 2*g + 17. What are the prime factors of n(q)?
7, 31
Let r(z) = 497*z + 32. Let b be r(-4). Let i = -897 - b. What are the prime factors of i?
3, 353
Suppose 0 = 2*p - 391 - 335. Suppose p = -2*v + 5*v. Suppose 0 = -4*w + 501 - v. List the prime factors of w.
5, 19
Suppose -r + 5*h - 99 = 0, 170 = 2*r - 4*r - 4*h. Let x = 98 + r. List the prime factors of ((-27)/(-4))/((-7)/((-840)/x)).
2, 3, 5
What are the prime factors of 102417/15 - 39/(-195)?
2, 3, 569
Let c(d) be the first derivative of 10*d**3 + 3*d**2/2 + 3*d - 125. List the prime factors of c(-2).
3, 13
Suppose 0*s = -4*s + 3*y + 52, -3*y = 3*s - 18. Suppose s*d - 5868 = d. What are the prime factors of d?
2, 163
Suppose -4*q = 7*q - 8129. Suppose -4*v - 3*w + 2928 = 0, -3*v - q = -4*v + w. List the prime factors of v.
3, 5, 7
Let f(r) = -r**2 + 7*r + 25*r**3 + 21*r**3 - 47*r**3 - 1. Let q be f(-3). What are the prime factors of (-12)/(-8)*(-8 - q)*-9?
2, 3
Let h(z) = -3*z + 58. Let s be h(18). Suppose p - 2*p + 1265 = s*d, 3*d - 965 = -4*p. What are the prime factors of d?
3, 5, 7
Suppose -2*q + 82 = -2*b, -2*q + 4*b = -5*q + 137. Suppose 37 - q = -3*d. Suppose 4*c = 8, -25 = -d*w + 4*c + 37. List the prime factors of w.
5, 7
Suppose -6*h + 46 + 2 = 0. Let y(q) = -q**3 + 11*q**2 - 20*q + 11. Let d be y(h). Let v = 164 - d. List the prime factors of v.
11
Suppose -643*u + 59494 = 2*a - 639*u, 4*a - 3*u - 118900 = 0. What are the prime factors of a?
13, 2287
Let n be 1 + (-4)/2 + -19. Let p be 18/(-15)*n/8. List the prime factors of 32 - (p + -2 + 1).
2, 3, 5
Suppose -807*j = -797*j - 154540. List the prime factors of j.
2, 7727
Let n(h) be the third derivative of -h**6/120 + h**5/5 + h**4/2 + 5*h**3/3 + 5*h**2. Let f be n(13). What are the prime factors of (-12)/f + 16 - 3*1?
17
Suppose 4*l + 2*w = 26290, -15*l = -20*l + 2*w + 32885. Suppose -l = -11*a - 1328. What are the prime factors of a?
3, 53
Suppose -12*w = -6*w. Suppose 2*a + 16 = 5*x, w*x - 2 = 2*x + 2*a. Suppose j + 205 = 5*i + 2*j, 0 = 5*i - x*j - 190. What are the prime factors of i?
2, 5
Let h = 495 + -359. What are the prime factors of (-183)/2*(5 - h/24)?
61
Suppose 0 = -5*n - 3*l + 1375, -n + 120 = -2*l - 142. Let u = n - 163. List the prime factors of u.
109
Suppose -5*j = -9*j - 2*z + 35052, -9*z - 35030 = -4*j. List the prime factors of j.
2, 13, 337
Suppose b + 21 - 23 = 0. Let c be (-1)/((b/(-12))/1). Suppose 0 = c*i + 251 - 905. List the prime factors of i.
109
Let c be (-1 - -6)*(449 + -10). Suppose -c + 803 = -6*i. Let u = -148 + i. What are the prime factors of u?
2, 3, 7
Suppose 2*u - 11*u + 120273 = -258555. What are the prime factors of u?
2, 17, 619
Let l(v) = -254*v**2 - 21*v - 4. Let t be l(3). Let c = -1623 - t. List the prime factors of c.
2, 5, 73
Suppose -5*s = -5*x + 545, -x - s = -0*x - 101. Let h = x + -65. Let c = h + -19. What are the prime factors of c?
3, 7
List the prime factors of ((-8416)/(-16) + -12)/(2/8).
2, 257
Suppose 0 = 3*s + 4*y - 94, -2*y - 162 = -3*s - s. Let a = s + 251. List the prime factors of a.
17
Suppose 107*c = 18*c + 32930. Let h = -5 - -13. Suppose 3*i + c = h*i. List the prime factors of i.
2, 37
List the prime factors of ((-14646)/8)/(96/(-256)).
2, 2441
Let w = 36 + -29. Suppose -7*u + 52 + 102 = 0. Suppose -c - 2*a + w*a = -u, -4*c + 5*a + 58 = 0. List the prime factors of c.
2, 3
Let i(v) = -v**3 - v**2 + 10*v + 2. Let w be i(-4). Let b be 4 + (-279)/15 - 4/w. What are the prime factors of (-3)/(5/b*1/2)?
2, 3
Let p(d) = -d**2 + 11*d - 23. Let i be p(9). Let u be (-2)/(i/(-5)) - -5. Suppose -21 = -2*z - 3*x, 5*z = -u*x - 2*x + 55. What are the prime factors of z?
2, 3
Let b(t) = t**3 + 16*t**2 + 23*t + 123. Let q be b(-15). Suppose -q*h - 124 - 703 = -2*g, 5*g - 4*h = 2078. What are the prime factors of g?
2, 11, 19
What are the prime factors of 22/(-8) + (-2613)/(-780) - 159964/(-10)?
17, 941
Let o = 6376 - -1026. List the prime factors of o.
2, 3701
Suppose 2*k + 70 = i, i + 36 = -k - 5. List the prime factors of 378 - k - (-1 - 1).
3, 139
Let t = 878 - 383. Let x = t + -338. Let y = 295 - x. What are the prime factors of y?
2, 3, 23
Let m(s) = 34*s**2 - 7*s - 3. Suppose -4*z - 5*u - 32 = 0, 1 + 3 = -u. List the prime factors of m(z).
2, 3
Let t be -1 - ((-477)/18)/((-2)/(-36)). Suppose 0 = 7*r - 2338 + t. List the prime factors of r.
2, 7, 19
Let q = 4165 - 2657. List the prime factors of q.
2, 13, 29
Suppose -1454*k = 3*i - 1459*k - 115230, k = -2*i + 76820. What are the prime factors of i?
2, 5, 23, 167
Let k = -2597 - -22510. List the prime factors of k.
19913
Let b(p) = 711*p**2 - 21*p - 35. List the prime factors of b(-2).
2851
Suppose h = -2*q + 2, 4*q - 20 = 2*h - 0*h. What are the prime factors of ((-50)/75)/(h/1410)?
5, 47
Suppose -n - 2*r = r - 1440, 5*n = 5*r + 7140. Suppose 24*a - 1593 = n. List the prime factors of a.
2, 3, 7
Let m = 17956 + 661. List the prime factors of m.
18617
Let m(q) = -3*q**3 - 44*q**2 - 10*q - 17. Let k be m(-13). Let s = 309 - k. What are the prime factors of s?
3, 347
Let j(g) = 1507*g + 122. Let z(a) = 502*a + 41. Let f(d) = -3*j(d) + 8*z(d). Let l be f(-6). What are the prime factors of (2 - (-1)/(-2))/(24/l)?
11, 17
List the prime factors of (-492890)/(-35) + (-24)/(-56).
14083
Let h(o) = 409*o**2 + 6*o + 15. List the prime factors of h(-4).
5, 1307
What are the prime factors of (-12)/42 - (2/(-17) - 2349894/714)?
3, 1097
Let t be (-2 - -14)/((-18)/(-492)). Suppose -3*c + 1137 = 2*r, -t + 2557 = 4*r - 3*c. What are the prime factors of r?
3, 11, 17
Suppose 67*i = 74*i - 161. Let d(f) = -26*f - 4. Let y be d(-4). Let v = i + y. List the prime factors of v.
3, 41
Suppose 0 = -3*v + 567 + 165. Let h = 438 - v. List the prime factors of h.
2, 97
Let o = -82 + 121. Let s = 34 - o. List the prime factors of (-271)/s - (-4)/5.
5, 11
Let a(d) be the second derivative of 0 + 3/2*d**2 + 8*d - 76/3*d**3. What are the prime factors of a(-1)?
5, 31
Let g = 733 + 74. Let a = g + -430. List the prime factors of a.
13, 29
Suppose -3*u = -3*v + 70422, -2*v - 5*u + 51054 = 4085. What are the prime factors of v?
17, 1381
Let a be 2/2 - 43032/(-11). Suppose -17*j + 4*j = -a. What are the prime factors of j?
7, 43
Let d(t) = 24*t**2 + 38*t + 12 - 15*t**2 - 4*t**2. List the prime factors of d(11).
3, 5, 23
List the prime factors of (-510636)/(-39) + 93/(-403).
13093
Let l(n) = -15*n - 4*n - 21*n - 3*n. Let w be 1 + 6/(-4) - (-39)/(-26). List the prime factors of l(w).
2, 43
Suppose 3*n - 58856 = 9*k - 14*k, -4*n - 58842 = -5*k. Suppose 42018 - k = 19*i. What are the prime factors of i?
2, 199
Suppose -3*w - 69018 = -o, -4*w + 526 = 554. What are the prime factors of o?
3, 109, 211
Let u(h) = 12*h**2 - 17*h + 885. What are the prime factors of u(30)?
3, 5, 149
Let t(d) = -2*d**3 + 31*d**2 + 61*d + 52. What are the prime factors of t(15)?
2, 149
Let w(f) = f + 1. Let k be w(2)